{"id":228,"date":"2017-12-14T21:39:37","date_gmt":"2017-12-14T20:39:37","guid":{"rendered":"http:\/\/192.168.1.16\/?page_id=228"},"modified":"2021-07-07T15:50:05","modified_gmt":"2021-07-07T13:50:05","slug":"plan-i-program-za-ostale-grupezupna-kateheza","status":"publish","type":"page","link":"https:\/\/zupa-svik-recica.hr\/index.php\/plan-i-program-za-ostale-grupezupna-kateheza\/","title":{"rendered":"OSTALE GRUPE ZA KATEHEZU"},"content":{"rendered":"<ol>\n<li><strong>razred<\/strong><br \/>\nVjeroabeceda<br \/>\n<span style=\"color: #ff0000;\"><strong><a style=\"color: #ff0000;\" href=\"http:\/\/zupa-svik-recica.hr\/wp-content\/uploads\/2020\/10\/Slovo-A.docx\">Slovo A<\/a><br \/>\n<span style=\"color: #ff0000;\"><a style=\"color: #ff0000;\" href=\"http:\/\/zupa-svik-recica.hr\/wp-content\/uploads\/2020\/10\/Slovo-B.docx\">Slovo B<\/a><br \/>\n<span style=\"color: #ff00ff;\"><a style=\"color: #ff00ff;\" href=\"http:\/\/zupa-svik-recica.hr\/wp-content\/uploads\/2020\/10\/slovo-c.docx\">slovo c<\/a><br \/>\n<span style=\"color: #ff0000;\"><a style=\"color: #ff0000;\" href=\"http:\/\/zupa-svik-recica.hr\/wp-content\/uploads\/2020\/11\/Slovo-\u010c.docx\">Slovo \u010c<\/a><br \/>\n<\/span><\/span><\/span><a href=\"http:\/\/zupa-svik-recica.hr\/wp-content\/uploads\/2021\/02\/SLOVO-D.pdf\">SLOVO D<\/a><br \/>\n<\/strong><\/span><\/li>\n<\/ol>\n<p><strong>2. razred<\/strong><br \/>\nUvodni sat<br \/>\n<strong><span style=\"color: #ff0000;\"><a style=\"color: #ff0000;\" href=\"http:\/\/zupa-svik-recica.hr\/wp-content\/uploads\/2020\/10\/Do\u017enost-katolika-je-nedjeljom-i\u0107i-na-misu.docx\">Du\u017enost katolika je nedjeljom i\u0107i na misu<\/a><\/span><\/strong><br \/>\n<a href=\"http:\/\/zupa-svik-recica.hr\/wp-content\/uploads\/2020\/10\/ISUS-PREBIVA-U-SVOJOJ-CRKVI.docx\"><strong><span style=\"color: #ff0000;\">ISUS PREBIVA U SVOJOJ CRKV<\/span>I<\/strong><\/a><br \/>\n<span style=\"color: #ff0000;\"><strong><a style=\"color: #ff0000;\" href=\"http:\/\/zupa-svik-recica.hr\/wp-content\/uploads\/2020\/11\/BOG-JE-NA\u0160-DOBRI-OTAC.docx\">BOG JE NA\u0160 DOBRI OTAC<\/a><\/strong><\/span><br \/>\n<span style=\"color: #ff0000;\"><strong><a style=\"color: #ff0000;\" href=\"http:\/\/zupa-svik-recica.hr\/wp-content\/uploads\/2020\/10\/BDM-Isusova-i-na\u0161a-Majka.docx\">BDM &#8211; Isusova i na\u0161a Majka<\/a><\/strong><\/span><br \/>\n<strong><span style=\"color: #ff0000;\"><a style=\"color: #ff0000;\" href=\"http:\/\/zupa-svik-recica.hr\/wp-content\/uploads\/2021\/01\/ZNAK-KRI\u017dA.docx\">ZNAK KRI\u017dA<\/a><\/span><\/strong><br \/>\n<span style=\"color: #ff0000;\"><strong><a style=\"color: #ff0000;\" href=\"http:\/\/zupa-svik-recica.hr\/wp-content\/uploads\/2020\/12\/VRIJEME-DO\u0160A\u0160\u0106A-I-BO\u017dI\u0106NO-VRIJEME.docx\">VRIJEME DO\u0160A\u0160\u0106A I BO\u017dI\u0106NO VRIJEME<\/a><\/strong><\/span><br \/>\nSakramenti<br \/>\nKorizmeno vrijeme<br \/>\nUskrsno vrijeme<br \/>\n<strong>4. razred<\/strong><br \/>\nUvodni sat<br \/>\n<a href=\"http:\/\/zupa-svik-recica.hr\/wp-content\/uploads\/2020\/10\/BOG-NAM-DAJE-PRAVILA-ZA-\u017dIVOT-1.docx\">BOG NAM DAJE PRAVILA ZA \u017dIVOT<\/a><br \/>\n<a href=\"http:\/\/zupa-svik-recica.hr\/wp-content\/uploads\/2020\/10\/LJUBAV-PREMA-BOGU.docx\">LJUBAV PREMA BOGU<\/a><br \/>\n<a href=\"http:\/\/zupa-svik-recica.hr\/wp-content\/uploads\/2020\/10\/Nedjelja-Dan-Gospodnji.docx\">Nedjelja Dan Gospodnji<\/a><br \/>\n<a href=\"http:\/\/zupa-svik-recica.hr\/wp-content\/uploads\/2020\/11\/Va\u017enost-molitve-u-kr\u0161\u0107anskom-\u017eivotu.docx\">Va\u017enost molitve u kr\u0161\u0107anskom \u017eivotu<\/a><br \/>\n<a href=\"http:\/\/zupa-svik-recica.hr\/wp-content\/uploads\/2020\/10\/DAN-ZAHVALNOSTI.docx\">DAN ZAHVALNOSTI<\/a><br \/>\n<a href=\"https:\/\/vjeronaucni-portal.com\/svi-sveti-i-dusni-dan-kratka-animacija\/\">SVI SVETI I DU\u0160NI DAN<\/a><br \/>\n<a href=\"http:\/\/zupa-svik-recica.hr\/wp-content\/uploads\/2021\/01\/Moj-odnos-prema-roditeljima-i-starijima.docx\">Moj odnos prema roditeljima i starijima<\/a><br \/>\n<a href=\"http:\/\/zupa-svik-recica.hr\/wp-content\/uploads\/2018\/06\/Ljubav-prema-bli\u017enjemu.pdf\">Ljubav prema bli\u017enjemu<\/a><br \/>\nVjera bez djela je mrtva<br \/>\n<a href=\"http:\/\/zupa-svik-recica.hr\/wp-content\/uploads\/2020\/11\/AB\u0110EO-GABRIJEL-DOLAZI-MARIJI.docx\">AB\u0110EO GABRIJEL DOLAZI MARIJI<\/a><br \/>\nVrijeme Do\u0161a\u0161\u0107a i Bo\u017ei\u0107a<br \/>\nBog nam daje \u017eivot kao dar<br \/>\n<a href=\"http:\/\/zupa-svik-recica.hr\/wp-content\/uploads\/2021\/02\/Sedam-glavnih-grijeha.pdf\">Sedam glavnih grijeha<\/a><br \/>\nKorizma vrijeme priprave za Uskrs<br \/>\nPobo\u017enosti u vrijeme korizme<br \/>\nKako se ja mogu uklju\u010diti u \u017eivot \u017eupe<br \/>\nIsusova muka, smrt i uskrsnu\u0107e<br \/>\nPripreme za Maj\u010din dan<br \/>\nOdnos prema op\u0107em dobru<br \/>\nodnos prema okoli\u0161u, radu i obavezama<br \/>\n<strong>5. razred<\/strong><br \/>\nUvodni sat<br \/>\n<a href=\"http:\/\/zupa-svik-recica.hr\/wp-content\/uploads\/2020\/10\/POZVANI-SMO-I\u0106I-ZAJEDNO.docx\">POZVANI SMO I\u0106I ZAJEDNO<\/a><br \/>\n<a href=\"http:\/\/kateheza.weebly.com\/uploads\/2\/3\/4\/4\/23449260\/1._crkva.pdf\" target=\"_blank\" rel=\"noopener noreferrer\">CRKVA ZAJEDNICA OKUPLJENA OKO ISUSA KRISTA<\/a><br \/>\n<a href=\"http:\/\/zupa-svik-recica.hr\/wp-content\/uploads\/2020\/11\/\u017dUPA-KAO-MJESNA-CRKVA.docx\">\u017dUPA KAO MJESNA CRKVA<\/a><br \/>\n<a href=\"http:\/\/zupa-svik-recica.hr\/wp-content\/uploads\/2020\/10\/MISIJSKA-NEDJELJ1.docx\">MISIJSKA NEDJELJ1<\/a><br \/>\n<a href=\"https:\/\/vjeronaucni-portal.com\/svi-sveti-i-dusni-dan-kratka-animacija\/\">SVI SVETI I DU\u0160NI DAN<\/a><br \/>\nSakramenti kao znakovi Bo\u017eje prisutnosti<br \/>\nBog nam dolazi u susret<br \/>\n<a href=\"http:\/\/zupa-svik-recica.hr\/wp-content\/uploads\/2020\/11\/SLAVLJA-KROZ-DO\u0160A\u0160\u0106E.docx\">SLAVLJA KROZ DO\u0160A\u0160\u0106E<\/a><br \/>\nPo kr\u0161tenju sam na poseban na\u010din postao dijete Bo\u017eje<br \/>\nPozvan sam da zemljom pro\u0111em \u010dine\u0107i dobro<br \/>\n<a href=\"http:\/\/zupa-svik-recica.hr\/wp-content\/uploads\/2021\/02\/Korizma-nas-ima-pripraviti.pdf\">Korizma nas ima pripraviti<\/a><br \/>\nPobo\u017enosti za vrijeme korizme<br \/>\nZa\u0161to je Isus morao umrijeti?<br \/>\nObredi Velikog tjedna<br \/>\nUskrs &#8211; po\u010detak novoga svijeta<br \/>\nKr\u0161\u0107anski susreti i slavlja<br \/>\nBog nam daje svoga Duha<br \/>\n<strong>6. RAZRED<\/strong><br \/>\nUvodni sat<br \/>\n<a href=\"http:\/\/zupa-svik-recica.hr\/wp-content\/uploads\/2020\/10\/SAKRAMENTI.docx\">SAKRAMENTI<\/a><br \/>\n<a href=\"http:\/\/zupa-svik-recica.hr\/wp-content\/uploads\/2020\/10\/SAKRAMENT-KRSTA.docx\">SAKRAMENT KRSTA<\/a><br \/>\n<a href=\"http:\/\/zupa-svik-recica.hr\/wp-content\/uploads\/2020\/11\/SAKRAMENT-POTVRDE.docx\">SAKRAMENT POTVRDE<\/a><br \/>\n<a href=\"http:\/\/zupa-svik-recica.hr\/wp-content\/uploads\/2021\/01\/\u0160to-je-misa-ili-euharistija.docx\">\u0160to je misa ili euharistija<\/a><br \/>\n<a href=\"https:\/\/pozeska-biskupija.hr\/wp-content\/uploads\/2021\/02\/pp17.%20Dijelovi%20mise%20%E2%80%93%20slu%C5%BEba%20rije%C4%8Di%20i%20euharistijska%20slu%C5%BEba.pdf\">Dijelovi svete mise ili euharistije<\/a><\/p>\n<p>&nbsp;<\/p>\n<p>&nbsp;<\/p>\n","protected":false},"excerpt":{"rendered":"<p>razred Vjeroabeceda Slovo A Slovo B slovo c Slovo \u010c SLOVO D 2. razred Uvodni sat Du\u017enost katolika je nedjeljom i\u0107i na misu ISUS PREBIVA U SVOJOJ CRKVI BOG JE NA\u0160 DOBRI OTAC BDM &#8211; Isusova i na\u0161a Majka ZNAK KRI\u017dA VRIJEME DO\u0160A\u0160\u0106A I BO\u017dI\u0106NO VRIJEME Sakramenti Korizmeno vrijeme Uskrsno vrijeme 4. razred Uvodni sat &hellip; <\/p>\n<p class=\"link-more\"><a href=\"https:\/\/zupa-svik-recica.hr\/index.php\/plan-i-program-za-ostale-grupezupna-kateheza\/\" class=\"more-link\">Nastavi \u010ditati<span class=\"screen-reader-text\"> &#8220;OSTALE GRUPE ZA KATEHEZU&#8221;<\/span><\/a><\/p>\n","protected":false},"author":2,"featured_media":0,"parent":0,"menu_order":0,"comment_status":"closed","ping_status":"closed","template":"","meta":{"_mi_skip_tracking":false},"_links":{"self":[{"href":"https:\/\/zupa-svik-recica.hr\/index.php\/wp-json\/wp\/v2\/pages\/228"}],"collection":[{"href":"https:\/\/zupa-svik-recica.hr\/index.php\/wp-json\/wp\/v2\/pages"}],"about":[{"href":"https:\/\/zupa-svik-recica.hr\/index.php\/wp-json\/wp\/v2\/types\/page"}],"author":[{"embeddable":true,"href":"https:\/\/zupa-svik-recica.hr\/index.php\/wp-json\/wp\/v2\/users\/2"}],"replies":[{"embeddable":true,"href":"https:\/\/zupa-svik-recica.hr\/index.php\/wp-json\/wp\/v2\/comments?post=228"}],"version-history":[{"count":42,"href":"https:\/\/zupa-svik-recica.hr\/index.php\/wp-json\/wp\/v2\/pages\/228\/revisions"}],"predecessor-version":[{"id":3093,"href":"https:\/\/zupa-svik-recica.hr\/index.php\/wp-json\/wp\/v2\/pages\/228\/revisions\/3093"}],"wp:attachment":[{"href":"https:\/\/zupa-svik-recica.hr\/index.php\/wp-json\/wp\/v2\/media?parent=228"}],"curies":[{"name":"wp","href":"https:\/\/api.w.org\/{rel}","templated":true}]}}