{"id":2068,"date":"2019-05-26T16:30:12","date_gmt":"2019-05-26T14:30:12","guid":{"rendered":"http:\/\/zupa-svik-recica.hr\/?page_id=2068"},"modified":"2019-07-20T18:38:40","modified_gmt":"2019-07-20T16:38:40","slug":"obnova-unutrasnjosti-zupne-crkve","status":"publish","type":"page","link":"https:\/\/zupa-svik-recica.hr\/index.php\/obnova-unutrasnjosti-zupne-crkve\/","title":{"rendered":"Obnova unutra\u0161njosti \u017eupne crkve"},"content":{"rendered":"<p><img loading=\"lazy\" class=\"alignleft size-medium wp-image-2065\" src=\"http:\/\/zupa-svik-recica.hr\/wp-content\/uploads\/2019\/05\/obnova-300x225.jpg\" alt=\"\" width=\"300\" height=\"225\" srcset=\"https:\/\/zupa-svik-recica.hr\/wp-content\/uploads\/2019\/05\/obnova-300x225.jpg 300w, https:\/\/zupa-svik-recica.hr\/wp-content\/uploads\/2019\/05\/obnova.jpg 708w\" sizes=\"(max-width: 300px) 100vw, 300px\" \/><\/p>\n<p>Unutra\u0161njost \u017eupne crkve sv. Ivana Krstitelja zadnji put ure\u0111ivana je za \u017eupnika Josipa \u0160afara 1894. godine. Godine su u\u010dinile svoje tako da je unutra\u0161njost crkve dosta ruinirana i u lo\u0161em stanju. Zalaganjem sada\u0161njeg \u017eupnika Lovre Zaplati\u0107a prije \u010detiri godine krenulo se u ozbiljne pripreme nakon svih odbijenica Ministarstva kulture RH. UZ pomo\u0107 onda\u0161nje djelatnice Konzervatorskog zavoda u Karlovcu g\u0111e Tatjane Horvati\u0107 koja je izradila svu dokumentaciju, i pod \u010dijim je vodstvom vo\u0111en natje\u010daj za izvo\u0111a\u010de radova.<br \/>\nRadovi na ure\u0111enju unutra\u0161njosti crkvre podijeljeni su u nekoliko faza:<br \/>\n<strong><img loading=\"lazy\" class=\"size-medium wp-image-2123 alignleft\" src=\"http:\/\/zupa-svik-recica.hr\/wp-content\/uploads\/2019\/06\/koru\u0161-300x191.jpg\" alt=\"\" width=\"300\" height=\"191\" srcset=\"https:\/\/zupa-svik-recica.hr\/wp-content\/uploads\/2019\/06\/koru\u0161-300x191.jpg 300w, https:\/\/zupa-svik-recica.hr\/wp-content\/uploads\/2019\/06\/koru\u0161.jpg 664w\" sizes=\"(max-width: 300px) 100vw, 300px\" \/>Prva faza<\/strong>: ure\u0111enje najo\u0161te\u0107enijeg dijela crkve &#8211; kora, s ciljem da se o\u010duva bar minimum originalnog oslika .<br \/>\n<strong>Druga faza radova<\/strong>: ure\u0111enje stropa u la\u0111i crkvi. Za ovaj dio ovih dana kre\u0107emo u izradu izvedbene dokumentacije, isho\u0111enje dozvola, natje\u010daj za izvi\u0111a\u010de radova, natje\u010daji za prikupljanje sredstava i skupljanje istih.<br \/>\n<strong>Tre\u0107a faza radova<\/strong>: ure\u0111enje zidova u la\u0111i.<br \/>\n<strong>\u010cetvrta faza radova<\/strong>: ure\u0111enje sveti\u0161ta crkve<br \/>\n<strong>Peta faza radova<\/strong>: ure\u0111enje prostora pod korom i ulaska u crkvu.<br \/>\n23. svibnja poduze\u0107e Mati\u0107 iz Velike Gorice postavila je skele na kor. Vrijednost tih radova je 37,500,00 kn s PDVeom uz skele je prilo\u017een i certifikat.<br \/>\n<strong><span style=\"color: #ff0000;\"><a style=\"color: #ff0000;\" href=\"http:\/\/zupa-svik-recica.hr\/wp-content\/uploads\/2019\/05\/ra\u010dun-br-36-Crkva-re\u010dica-3.docx\">ra\u010dun br 36 Crkva re\u010dica (3)<\/a><br \/>\n<\/span><\/strong><span style=\"color: #ff0000;\"><span style=\"color: #000000;\">Sami radovi zapo\u010dinju 27. svibnja 2019. godine a vodi ih rastaurator Facan sa svojim suradnicima. Posao su dobili preko natje\u010daja.<br \/>\nNa ovim stranicama transparentno \u0107emo vas obavje\u0161tavati o radovima kao i o prikupljenjim sredstvima.<br \/>\n04. lipnja poduze\u0107u Mati\u0107 ispla\u0107eno s ra\u010duna \u017eupe 37.500,00 kn<br \/>\n05. lipnja Izvo\u0111a\u010dima restauratorskih radova za Privremenu situaciju izvedenih radova ispla\u0107eno je 40.000,00 kn<br \/>\n26. lipnja ispla\u0107ena druga tran\u0161a ra\u010duna u visini 30.000,00 kn.<br \/>\nPolako privodimo kraju prvu fazu obnove: evo par sli\u010dica pa usporedite s onima gore.<br \/>\n<img loading=\"lazy\" class=\"alignleft size-medium wp-image-2134\" src=\"http:\/\/zupa-svik-recica.hr\/wp-content\/uploads\/2019\/07\/akordi-300x225.jpg\" alt=\"\" width=\"300\" height=\"225\" srcset=\"https:\/\/zupa-svik-recica.hr\/wp-content\/uploads\/2019\/07\/akordi-300x225.jpg 300w, https:\/\/zupa-svik-recica.hr\/wp-content\/uploads\/2019\/07\/akordi.jpg 567w\" sizes=\"(max-width: 300px) 100vw, 300px\" \/><img loading=\"lazy\" class=\"alignleft size-medium wp-image-2135\" src=\"http:\/\/zupa-svik-recica.hr\/wp-content\/uploads\/2019\/07\/akordi1-225x300.jpg\" alt=\"\" width=\"225\" height=\"300\" srcset=\"https:\/\/zupa-svik-recica.hr\/wp-content\/uploads\/2019\/07\/akordi1-225x300.jpg 225w, https:\/\/zupa-svik-recica.hr\/wp-content\/uploads\/2019\/07\/akordi1.jpg 425w\" sizes=\"(max-width: 225px) 100vw, 225px\" \/><img loading=\"lazy\" class=\"alignleft size-medium wp-image-2136\" src=\"http:\/\/zupa-svik-recica.hr\/wp-content\/uploads\/2019\/07\/akordi2-225x300.jpg\" alt=\"\" width=\"225\" height=\"300\" srcset=\"https:\/\/zupa-svik-recica.hr\/wp-content\/uploads\/2019\/07\/akordi2-225x300.jpg 225w, https:\/\/zupa-svik-recica.hr\/wp-content\/uploads\/2019\/07\/akordi2.jpg 425w\" sizes=\"(max-width: 225px) 100vw, 225px\" \/>\u00a0<\/span><\/span><\/p>\n<p>&nbsp;<\/p>\n<p>&nbsp;<\/p>\n<p><strong>\u00a0 \u00a0 \u00a0 <\/strong><span style=\"color: #666666; font-size: 1.25rem;\">\u00a0 \u00a0 \u00a0 \u00a0 \u00a0 \u00a0 \u00a0 \u00a0 \u00a0 \u00a0 \u00a0 \u00a0 \u00a0 \u00a0 \u00a0 \u00a0 \u00a0 \u00a0 \u00a0 \u00a0 \u00a0 \u00a0 \u00a0 \u00a0 \u00a0 \u00a0 \u00a0 \u00a0 \u00a0 \u00a0 \u00a0<\/span><\/p>\n<h2><\/h2>\n<p>&nbsp;<\/p>\n<p>&nbsp;<\/p>\n","protected":false},"excerpt":{"rendered":"<p>Unutra\u0161njost \u017eupne crkve sv. Ivana Krstitelja zadnji put ure\u0111ivana je za \u017eupnika Josipa \u0160afara 1894. godine. Godine su u\u010dinile svoje tako da je unutra\u0161njost crkve dosta ruinirana i u lo\u0161em stanju. Zalaganjem sada\u0161njeg \u017eupnika Lovre Zaplati\u0107a prije \u010detiri godine krenulo se u ozbiljne pripreme nakon svih odbijenica Ministarstva kulture RH. UZ pomo\u0107 onda\u0161nje djelatnice Konzervatorskog &hellip; <\/p>\n<p class=\"link-more\"><a href=\"https:\/\/zupa-svik-recica.hr\/index.php\/obnova-unutrasnjosti-zupne-crkve\/\" class=\"more-link\">Nastavi \u010ditati<span class=\"screen-reader-text\"> &#8220;Obnova unutra\u0161njosti \u017eupne crkve&#8221;<\/span><\/a><\/p>\n","protected":false},"author":3,"featured_media":0,"parent":0,"menu_order":0,"comment_status":"closed","ping_status":"closed","template":"","meta":{"_mi_skip_tracking":false},"_links":{"self":[{"href":"https:\/\/zupa-svik-recica.hr\/index.php\/wp-json\/wp\/v2\/pages\/2068"}],"collection":[{"href":"https:\/\/zupa-svik-recica.hr\/index.php\/wp-json\/wp\/v2\/pages"}],"about":[{"href":"https:\/\/zupa-svik-recica.hr\/index.php\/wp-json\/wp\/v2\/types\/page"}],"author":[{"embeddable":true,"href":"https:\/\/zupa-svik-recica.hr\/index.php\/wp-json\/wp\/v2\/users\/3"}],"replies":[{"embeddable":true,"href":"https:\/\/zupa-svik-recica.hr\/index.php\/wp-json\/wp\/v2\/comments?post=2068"}],"version-history":[{"count":9,"href":"https:\/\/zupa-svik-recica.hr\/index.php\/wp-json\/wp\/v2\/pages\/2068\/revisions"}],"predecessor-version":[{"id":2137,"href":"https:\/\/zupa-svik-recica.hr\/index.php\/wp-json\/wp\/v2\/pages\/2068\/revisions\/2137"}],"wp:attachment":[{"href":"https:\/\/zupa-svik-recica.hr\/index.php\/wp-json\/wp\/v2\/media?parent=2068"}],"curies":[{"name":"wp","href":"https:\/\/api.w.org\/{rel}","templated":true}]}}