{"id":199,"date":"2017-12-10T21:02:02","date_gmt":"2017-12-10T20:02:02","guid":{"rendered":"http:\/\/192.168.1.16\/?page_id=199"},"modified":"2018-11-03T11:46:02","modified_gmt":"2018-11-03T10:46:02","slug":"meditacije","status":"publish","type":"page","link":"https:\/\/zupa-svik-recica.hr\/index.php\/meditacije\/","title":{"rendered":"Meditacije"},"content":{"rendered":"<h2>Pjesma<\/h2>\n<figure id=\"attachment_200\" aria-describedby=\"caption-attachment-200\" style=\"width: 238px\" class=\"wp-caption alignright\"><img loading=\"lazy\" class=\"size-full wp-image-200\" src=\"http:\/\/zupa-svik-recica.hr\/wp-content\/uploads\/2018\/01\/Meditacije.jpg\" alt=\"\" width=\"238\" height=\"192\" \/><figcaption id=\"caption-attachment-200\" class=\"wp-caption-text\">Ono \u0161to je najva\u017enije jest na po\u010detku stvoriti molitveni prostor; neka bude uapljena jedna ili vi\u0161e svije\u0107a, manjih, po\u017eeljno je da molitelji budu u polukrugu, no ako se bolej osje\u0107aju da su smje\u0161teni druga\u010dije neka tako ostane, bitno je da se ljudi osje\u0107aju komotno i slobodno.<br \/>Bilo bi dobro dok se ljudi okupljaju da tiho svira neka meditativna glazba koja stvara ozra\u010dje mira i opu\u0161tenosti.<br \/>Sredi\u0161nje mjesto neka zauzima Sveto pismo i otvorene stranice koje \u0107e nam poslu\u017eiti kao temelj molitve i meditacije.<\/figcaption><\/figure>\n<p>U ime Oca i Sina i Duha Svetoga&#8230;<br \/>\nVa\u017eno je da smo se udobno smjestili, da se opustimo, normalno di\u0161emo, maknimo od sebe razne misli, ostavimo ih izvan sebe, ovo je trenutak u kojem \u017eelimo biti s Isusom, predatimu sebe kao \u0161to on predaje sebe nama. \u017delim Isusu darovati ovo svoje vrijeme, osjetiti njegov dodir, da dodiruje moje tijelo, moj um, moje srce, moje misli&#8230;. zatvori o\u010di, i ponavljaj u sebi: do\u0111i, Gospodine Isuse, \u010dekam te, \u017eelim te, ljubim te&#8230;.ponavlja u sebi ove rije\u010di, probudi u sebi \u010de\u017enju za Isusom da ga uistinu \u017eeli\u0161 sada i ovdje&#8230;.<br \/>\nPovjeri i daruj Isusu ono \u0161to ti na du\u0161i, u du\u0161i, na srcu, sve ono \u0161to te mu\u010di, \u0161to te raduje, rastu\u017euje, veseli&#8230;.On je tu pokraj tebe, s tobom i \u010deka, \u010deka da \u010duje \u0161to \u017eeli\u0161 da ti u\u010dini, da ti daruje&#8230;.on \u017eeli tebe, onakvim kakav jesi da te razveseli, ozdravi, podigne, okrijepi, ohrabri&#8230;.predaj sebe Isusu&#8230;.Isuse, predajem ti se, predajem ti svoje strahove, svoje muke, svoje grijehe, svoju slomljenost&#8230;.reci mu&#8230;.<\/p>\n<p>DO\u0110I DU\u0160E PRESVETI&#8230;.<br \/>\nMoli Duha Svetoga da ti dadne snage da rije\u010d Bo\u017eju prihvati\u0161. U tim rije\u010dima krije se volja Bo\u017eja, Bo\u017eja poruka tebi&#8230;.pohrani je u svoje srce, nosi je u danima koji su pred tobom, o njoj razmi\u0161ljaj, neka ti Majka Marija bude uzorom, ona je Bo\u017eju poruku pohranjivala u svoje srce, prebirala tu rije\u010d, o njoj razmi\u0161lajla i otkrivala volju Bo\u017eju.<\/p>\n<p>BIBLIJSKO \u010cITANJE:<br \/>\nRAZMI\u0160LJANJE O BIBLIJSKOM TEKSTU ( tisini)<br \/>\nODJEK BO\u017dJE RIJE\u010cI<br \/>\nMOLITVA VJERNIKA<br \/>\nZAHVALA<br \/>\nBLAGOSLOV<\/p>\n","protected":false},"excerpt":{"rendered":"<p>Pjesma U ime Oca i Sina i Duha Svetoga&#8230; Va\u017eno je da smo se udobno smjestili, da se opustimo, normalno di\u0161emo, maknimo od sebe razne misli, ostavimo ih izvan sebe, ovo je trenutak u kojem \u017eelimo biti s Isusom, predatimu sebe kao \u0161to on predaje sebe nama. \u017delim Isusu darovati ovo svoje vrijeme, osjetiti njegov &hellip; <\/p>\n<p class=\"link-more\"><a href=\"https:\/\/zupa-svik-recica.hr\/index.php\/meditacije\/\" class=\"more-link\">Nastavi \u010ditati<span class=\"screen-reader-text\"> &#8220;Meditacije&#8221;<\/span><\/a><\/p>\n","protected":false},"author":2,"featured_media":0,"parent":0,"menu_order":0,"comment_status":"closed","ping_status":"closed","template":"","meta":{"_mi_skip_tracking":false},"_links":{"self":[{"href":"https:\/\/zupa-svik-recica.hr\/index.php\/wp-json\/wp\/v2\/pages\/199"}],"collection":[{"href":"https:\/\/zupa-svik-recica.hr\/index.php\/wp-json\/wp\/v2\/pages"}],"about":[{"href":"https:\/\/zupa-svik-recica.hr\/index.php\/wp-json\/wp\/v2\/types\/page"}],"author":[{"embeddable":true,"href":"https:\/\/zupa-svik-recica.hr\/index.php\/wp-json\/wp\/v2\/users\/2"}],"replies":[{"embeddable":true,"href":"https:\/\/zupa-svik-recica.hr\/index.php\/wp-json\/wp\/v2\/comments?post=199"}],"version-history":[{"count":3,"href":"https:\/\/zupa-svik-recica.hr\/index.php\/wp-json\/wp\/v2\/pages\/199\/revisions"}],"predecessor-version":[{"id":1618,"href":"https:\/\/zupa-svik-recica.hr\/index.php\/wp-json\/wp\/v2\/pages\/199\/revisions\/1618"}],"wp:attachment":[{"href":"https:\/\/zupa-svik-recica.hr\/index.php\/wp-json\/wp\/v2\/media?parent=199"}],"curies":[{"name":"wp","href":"https:\/\/api.w.org\/{rel}","templated":true}]}}