{"id":191,"date":"2017-12-10T20:48:39","date_gmt":"2017-12-10T19:48:39","guid":{"rendered":"http:\/\/192.168.1.16\/?page_id=191"},"modified":"2018-02-02T12:34:47","modified_gmt":"2018-02-02T11:34:47","slug":"tijek-molitvenog-susreta","status":"publish","type":"page","link":"http:\/\/zupa-svik-recica.hr\/index.php\/tijek-molitvenog-susreta\/","title":{"rendered":"Tijek molitvenog susreta"},"content":{"rendered":"<p><img loading=\"lazy\" class=\"alignright size-full wp-image-192\" src=\"http:\/\/zupa-svik-recica.hr\/wp-content\/uploads\/2018\/01\/Susret1.jpg\" alt=\"\" width=\"300\" height=\"300\" \/>1. pjesma<br \/>\n2. znak kri\u017ea<br \/>\n3. uvod u molitvu (vrijeme sabranja i predanja)<br \/>\n4. pozdrav Isusu<br \/>\n5. pozdrav Duhu Svetom ( Do\u0111i Du\u0161e Presveti)<br \/>\n6. predanje Duhu da nas vodi<br \/>\n7. Biblijski tekst<br \/>\n8. lomljenje Rije\u010di (meditacija&#8230;)<br \/>\n9. osobna molitva<br \/>\n10. molitva za sve ( Crkvu, ljude, potrebe&#8230;)<br \/>\n11. zahvala Isusu<br \/>\n12. pjesma<\/p>\n<p style=\"text-align: right;\"><img loading=\"lazy\" class=\"alignleft size-full wp-image-193\" src=\"http:\/\/zupa-svik-recica.hr\/wp-content\/uploads\/2018\/01\/Susret2.jpg\" alt=\"\" width=\"259\" height=\"194\" \/>Do\u0111i, Du\u0161e Presveti,<br \/>\nsa neba nas posjeti zrakom svoje milosti.<br \/>\nDo\u0111i O\u010de ubogih, djelitelju dara svih,<br \/>\ndo\u0111i srca svjetlosti.<\/p>\n<p style=\"text-align: right;\">Tje\u0161itelju tako blag,<br \/>\nti nebeski goste drag,<br \/>\npun miline, hlade tih.<\/p>\n<p style=\"text-align: right;\">Umornima odmore,<br \/>\nu vru\u0107ini lahore,<br \/>\nrazgovore \u017ealosnih.<\/p>\n<p style=\"text-align: right;\">Sjaju svjetla bla\u017eenog,<br \/>\nsjaj u srcu puka svog,<br \/>\nnapuni nam du\u0161u svu.<\/p>\n<p style=\"text-align: right;\">Bez bo\u017eanstva tvojega<br \/>\n\u010dovjek je bez i\u010dega,<br \/>\ntone sav u crnom zlu.<\/p>\n<p style=\"text-align: right;\">Ne\u010diste nas umivaj,<br \/>\nsuha srca zalivaj,<br \/>\nvidaj rane ranjenim.<\/p>\n<p style=\"text-align: right;\">Mek\u0161aj \u0107udi kamene,<br \/>\nzagrij grudi ledene,<br \/>\nne daj nama putem zlim.<\/p>\n<p style=\"text-align: right;\">Svim \u0161to vjeru imaju,<br \/>\n\u0161to se u te ufaju,<br \/>\nsedam svojih dara daj.<\/p>\n<p style=\"text-align: right;\">Daj nam krepost zaslu\u017enu<br \/>\ni smrt lijepu, bla\u017eenu,<br \/>\ndaj vjekovit svima raj.<\/p>\n","protected":false},"excerpt":{"rendered":"<p>1. pjesma 2. znak kri\u017ea 3. uvod u molitvu (vrijeme sabranja i predanja) 4. pozdrav Isusu 5. pozdrav Duhu Svetom ( Do\u0111i Du\u0161e Presveti) 6. predanje Duhu da nas vodi 7. Biblijski tekst 8. lomljenje Rije\u010di (meditacija&#8230;) 9. osobna molitva 10. molitva za sve ( Crkvu, ljude, potrebe&#8230;) 11. zahvala Isusu 12. pjesma Do\u0111i, Du\u0161e &hellip; <\/p>\n<p class=\"link-more\"><a href=\"http:\/\/zupa-svik-recica.hr\/index.php\/tijek-molitvenog-susreta\/\" class=\"more-link\">Nastavi \u010ditati<span class=\"screen-reader-text\"> &#8220;Tijek molitvenog susreta&#8221;<\/span><\/a><\/p>\n","protected":false},"author":2,"featured_media":0,"parent":0,"menu_order":0,"comment_status":"closed","ping_status":"closed","template":"","meta":{"_mi_skip_tracking":false},"_links":{"self":[{"href":"http:\/\/zupa-svik-recica.hr\/index.php\/wp-json\/wp\/v2\/pages\/191"}],"collection":[{"href":"http:\/\/zupa-svik-recica.hr\/index.php\/wp-json\/wp\/v2\/pages"}],"about":[{"href":"http:\/\/zupa-svik-recica.hr\/index.php\/wp-json\/wp\/v2\/types\/page"}],"author":[{"embeddable":true,"href":"http:\/\/zupa-svik-recica.hr\/index.php\/wp-json\/wp\/v2\/users\/2"}],"replies":[{"embeddable":true,"href":"http:\/\/zupa-svik-recica.hr\/index.php\/wp-json\/wp\/v2\/comments?post=191"}],"version-history":[{"count":1,"href":"http:\/\/zupa-svik-recica.hr\/index.php\/wp-json\/wp\/v2\/pages\/191\/revisions"}],"predecessor-version":[{"id":864,"href":"http:\/\/zupa-svik-recica.hr\/index.php\/wp-json\/wp\/v2\/pages\/191\/revisions\/864"}],"wp:attachment":[{"href":"http:\/\/zupa-svik-recica.hr\/index.php\/wp-json\/wp\/v2\/media?parent=191"}],"curies":[{"name":"wp","href":"https:\/\/api.w.org\/{rel}","templated":true}]}}